f t and y?
35
Let b = -1587 + 1632. What is the highest common factor of b and 1275?
15
Suppose 9*x - 10*x + 3*h + 160 = 0, 4*h = 2*h. Calculate the greatest common factor of x and 7840.
160
Suppose -853*s - 56 = -881*s. Let a = 146 - 64. Suppose -3*g + 4*r = r - 54, 0 = -5*g + r + a. Calculate the highest common divisor of g and s.
2
Let k(d) = d**2 - 20*d - 1268. Let v be k(56). What is the highest common divisor of 132 and v?
44
Let b(p) = p**3 - 10*p**2 + 4*p - 4. Let j be b(10). Let k be -51*22/66 + 83. Calculate the greatest common divisor of j and k.
6
Suppose s + 0*b - 60 = -b, -3*b = 5*s - 298. Let v(p) = 7*p**3 - 143*p**2 - 67*p + 56. Let m be v(21). What is the highest common divisor of m and s?
59
Let r(j) = 5*j - 2. Let m be r(1). Let n = 21 - m. Suppose 0 = -6*x + 46 + 548. Calculate the highest common divisor of n and x.
9
Let o = -3 - 2. Let x be 0 - o/((-5)/18). Let t(r) = r**2 + 15*r - 6. Let h be t(x). Calculate the highest common divisor of h and 12.
12
Suppose 56055 = 1045*a - 944*a. Calculate the highest common divisor of a and 20.
5
Suppose -11*y + 1035 = 793. Let l be (-1)/(-2) + (-3)/(-2). Suppose -l*f + 2 = -f. What is the greatest common factor of f and y?
2
Suppose -s + 2 = -5*o - 68, 4*o = 4*s - 232. Suppose 4*y - 2 = 5*j + 62, -3*y - 5*j + 13 = 0. What is the highest common divisor of y and s?
11
Let k = 69 - 39. Let a = 10 - 5. Suppose 9*v - 24 = a*v. What is the greatest common divisor of v and k?
6
Suppose 15*b + 8*b = 2*b + 5250. What is the greatest common divisor of 2125 and b?
125
Suppose -58*r - 12474 = -139*r. Suppose 0 = -14*x + 222 - 26. What is the greatest common divisor of x and r?
14
Suppose 1693755 = 704*s - 533*s. Calculate the highest common factor of s and 70.
35
Let q be -3 - 123/(-41)*368/6. Suppose -q = -40*d + 59. Suppose 5*l = 28 + 32. What is the highest common factor of l and d?
6
Let v = 4 + 1. Let l = 286 + -253. Suppose 78 = u + l. Calculate the greatest common factor of u and v.
5
Let k = 339 - 369. Let i be (-2704)/(-507)*2/((-16)/k). Let b(d) = 8*d**3 - d**2 - d - 4. Let c be b(3). Calculate the highest common factor of i and c.
20
Let t = 315 + -25. Suppose 88*b - 60*b = 280. What is the highest common factor of t and b?
10
Suppose 3722*h - 90 = 3713*h. Calculate the greatest common factor of h and 765.
5
Let y be 20 + (-2)/(16/(-40)). Suppose 4 = 4*n, -32 = -w + 3*n + y. What is the greatest common factor of 276 and w?
12
Let f(s) = s**3 + 7*s**2 + 74*s - 552. Let v be f(15). Calculate the highest common factor of v and 136.
68
Suppose -5*d + d + 768 = 0. Suppose 3*n - d = -0*n. Let o = n - 57. What is the highest common divisor of o and 56?
7
Let h = -147 + 151. Suppose h*i + 12 = d, -4*d - i + 8 = -40. What is the highest common factor of 54 and d?
6
Let x(s) = -2*s**2 - 21*s + 20. Let r be x(-20). Let w = r - -426. Calculate the greatest common factor of w and 11.
11
Suppose 106 = i + 4*u, -5*u = -i - 3*u + 94. Suppose 12*l - 686 = -i. What is the highest common factor of l and 77?
7
Let o = 9 + -5. Suppose 15*s = 14*s + o. Suppose 0 = u + u - 4*h - 454, 0 = s*u + 5*h - 934. Calculate the greatest common factor of 33 and u.
33
Let u be 315/56 + (-6)/(-16). Let a(g) = -g**3 + 8*g**2 - 4*g - 2. Let q be a(u). What is the greatest common divisor of q and 46?
46
Let u = 10558 - 10337. What is the highest common divisor of u and 2249?
13
Let q be 1/((-18)/(-4)) + (-161760)/864. Let a = -16 - q. What is the highest common divisor of a and 9?
9
Suppose 5*m - 8*m + 144 = 5*f, 3*m = 5*f + 144. Let t = 361 - 217. What is the greatest common factor of m and t?
48
Let h be 59/(2301/1378)*(-2 - -5). What is the greatest common divisor of h and 2438?
106
Let m(p) = 2*p**2 + 45*p - 28. Let h be m(-22). Let k = -29 - h. Suppose -k*l + 51 = -18*l. What is the highest common divisor of l and 34?
17
Suppose -2*b + f = -83, 0 = -4*b + 16*f - 12*f + 160. Suppose -45*g - 5*d = -43*g - b, -3*d = -5*g + 123. Calculate the greatest common divisor of g and 9.
3
Let d(p) = 4*p**2 + p + 3. Let o be d(2). Let w(b) = b**3 + 26*b**2 + 26*b + 53. Let q be w(-25). What is the highest common divisor of o and q?
7
Suppose -2*s + 3*s + 31 = 0. Let b = s + 171. What is the highest common factor of b and 28?
28
Let l(p) = 105*p + 2 - 2 - 50*p - 2 + 7. Let u be (4/(-5))/(1/(-5)). Let o be l(u). Calculate the greatest common factor of 45 and o.
45
Let n(s) = 3*s**3 - s**2 - 23*s + 25. Let g be n(1). Suppose 0 = h + m - 172, -3*m - 393 = 5*h - 1253. What is the greatest common factor of h and g?
4
Suppose -24 = -3*j + 4*o, -4*o + 8 = 2*j + 12. Suppose -5*x = a - 171, a - j*a - 65 = -2*x. Calculate the highest common factor of 2 and x.
2
Let j = -290 + 303. Suppose -8*i + 693 = j*i. Calculate the greatest common divisor of 561 and i.
33
Let v be (5*(-42)/35 - -9)*8. Let p(j) = 2*j + 26. Let a be p(0). What is the highest common factor of v and a?
2
Suppose 4*u = -0*u - a + 7, -2*u + 5*a + 9 = 0. Calculate the greatest common divisor of 452 and u.
2
Let q(k) = -18*k**2 - 2*k + 24. Let a be q(0). Suppose 0 = -7*o + 20*o - 312. What is the greatest common factor of o and a?
24
Let d(z) = z**3 + 15*z**2 - 16*z + 3. Let l be d(-16). Let f = -5 - -6. Suppose o - l = h, -4*o + 5*h - f = -o. What is the highest common divisor of 24 and o?
8
Suppose 5*m + 4*t - 1064 = 6650, -2*m + 4*t = -3052. Calculate the highest common factor of 2 and m.
2
Let j be ((-3)/(-9))/(7*(-8)/(-10752)). Calculate the highest common factor of 5 and j.
1
Let v = 596 + 8285. What is the greatest common divisor of v and 107?
107
Let x = -11 - -11. Suppose 2*h - 2 - 6 = x. Suppose 16*d - 17*d = -5*n - 29, -n = 5. What is the greatest common factor of h and d?
4
Suppose 13890*f - 48685 + 8511 = 13837*f. What is the greatest common divisor of 2 and f?
2
Suppose -2*u + 80 = 2*w - 3*w, 98 = 2*u - 4*w. Calculate the greatest common factor of u and 629.
37
Let j(a) = -35*a - 632. Let k be j(-24). Let h(z) = z**3 - 11*z**2 + 12*z + 6. Let u be h(10). Calculate the highest common divisor of u and k.
26
Suppose -3*t + 1394*a + 12795 = 1397*a, -3*t + 12790 = 4*a. Calculate the highest common divisor of 5 and t.
5
Suppose 5*l + 2*j + 19 = 3*j, -4*l = 5*j - 8. Let r be l/(54/(-4)) - (-4494)/189. Calculate the highest common divisor of r and 9.
3
Let c(s) = 2*s**2 + 44*s - 508. Let k be c(-37). Calculate the highest common factor of 224 and k.
14
Let j be -3*13/(-18) - (-1)/(-6). Let r be 18/((-20)/16 + j). Let g be (-9 - 9)*(-20)/3. Calculate the highest common divisor of r and g.
24
Suppose 12*a - 90*a + 1752 - 114 = 0. What is the highest common factor of 1183 and a?
7
Suppose 0 = 85*l - 98417 - 14633. What is the highest common divisor of l and 56?
14
Let s be (-9 + 2)*(-5)/(-35). Let c be (-1 - s/3)*(-63)/6. Calculate the highest common divisor of c and 112.
7
Let r be 10/(3/(-57)*-2). Let u = r + -63. Let c = u + -6. Calculate the greatest common factor of 65 and c.
13
Let a be 12/(-5)*(-7417 - (4 + -1)). What is the greatest common divisor of 42 and a?
42
Let d = 58 - 58. Suppose d = 4*g - 2*g - 4. Suppose q - 42 = -g*q. What is the greatest common divisor of q and 21?
7
Let o = 528 + -372. Let x be ((-4)/(-4) - 1)/(4/(-4)). Suppose -4*q + 0*q + o = x. Calculate the greatest common divisor of 117 and q.
39
Suppose 32 = 17*i - 13*i. Suppose o - 20 = -5*h, -4 = -3*o + h + i. Let m be 3 + 1 + -1 + o. Calculate the highest common factor of 104 and m.
8
Let m = 627 + -640. Let f(q) = -3*q**3 - 40*q**2 - 16*q - 14. Let h be f(m). What is the greatest common divisor of h and 775?
25
Suppose 144 = i + 24. Suppose -368 + 1088 = 12*l. What is the highest common factor of l and i?
60
Suppose 36*p + 249 - 789 = 0. Calculate the highest common factor of 7755 and p.
15
Let w = 12683 + -11798. What is the greatest common factor of 75 and w?
15
Suppose 2*z - 349 = -3*p, 5*p - 10*p = 3*z - 583. Calculate the greatest common divisor of 289 and p.
17
Let d = -33 - -48. Let u = 3256 - 3253. Calculate the greatest common divisor of d and u.
3
Let f be (-9)/(-18) - (63/6)/7. Let u be (-24)/(-14)*(-84)/f. Suppose -x - 5*l = -33, -48 = -2*x - l - 3*l. Calculate the highest common divisor of x and u.
18
Let m(p) = -p**3 + 11*p**2 + 3*p - 1. Let j be m(11). Let y be 9*(-2)/(-36)*(